t of 135572?
5
What is the tens digit of 182361?
6
What is the millions digit of 3962106?
3
What is the hundred thousands digit of 1374545?
3
What is the ten thousands digit of 212966?
1
What is the ten thousands digit of 1515552?
1
What is the thousands digit of 2916989?
6
What is the ten thousands digit of 220414?
2
What is the tens digit of 5207534?
3
What is the ten thousands digit of 11214258?
1
What is the hundred thousands digit of 145926?
1
What is the millions digit of 1988223?
1
What is the tens digit of 659573?
7
What is the thousands digit of 14689829?
9
What is the hundreds digit of 316155?
1
What is the units digit of 2467537?
7
What is the millions digit of 7612037?
7
What is the millions digit of 2200457?
2
What is the units digit of 1601452?
2
What is the ten thousands digit of 1128382?
2
What is the thousands digit of 4102006?
2
What is the hundreds digit of 869725?
7
What is the tens digit of 75245?
4
What is the units digit of 797235?
5
What is the ten thousands digit of 933716?
3
What is the units digit of 2509963?
3
What is the hundred thousands digit of 527633?
5
What is the ten thousands digit of 40995?
4
What is the tens digit of 20360845?
4
What is the ten thousands digit of 303769?
0
What is the units digit of 853888?
8
What is the thousands digit of 1179889?
9
What is the hundred thousands digit of 4255319?
2
What is the units digit of 64898?
8
What is the units digit of 322089?
9
What is the units digit of 2776758?
8
What is the thousands digit of 213539?
3
What is the tens digit of 12137?
3
What is the thousands digit of 26714296?
4
What is the thousands digit of 10561238?
1
What is the millions digit of 2934259?
2
What is the tens digit of 3763593?
9
What is the hundreds digit of 3074491?
4
What is the millions digit of 1171217?
1
What is the hundreds digit of 4293572?
5
What is the units digit of 849195?
5
What is the hundred thousands digit of 1825185?
8
What is the tens digit of 1032919?
1
What is the ten thousands digit of 346934?
4
What is the hundred thousands digit of 15789697?
7
What is the ten millions digit of 11489997?
1
What is the hundred thousands digit of 15730020?
7
What is the hundreds digit of 409801?
8
What is the hundreds digit of 129976?
9
What is the units digit of 620837?
7
What is the ten millions digit of 23821063?
2
What is the hundred thousands digit of 1049535?
0
What is the hundreds digit of 2437181?
1
What is the hundreds digit of 123977?
9
What is the millions digit of 9627639?
9
What is the millions digit of 10021263?
0
What is the hundreds digit of 386510?
5
What is the tens digit of 3014912?
1
What is the ten thousands digit of 945170?
4
What is the units digit of 10255114?
4
What is the hundreds digit of 1974496?
4
What is the hundred thousands digit of 415589?
4
What is the ten thousands digit of 1133449?
3
What is the thousands digit of 196411?
6
What is the millions digit of 4206360?
4
What is the ten thousands digit of 2212234?
1
What is the thousands digit of 582755?
2
What is the tens digit of 2042042?
4
What is the tens digit of 7071200?
0
What is the ten millions digit of 13147608?
1
What is the hundred thousands digit of 2504163?
5
What is the ten thousands digit of 2006004?
0
What is the ten thousands digit of 5415599?
1
What is the tens digit of 382566?
6
What is the hundred thousands digit of 9602904?
6
What is the ten thousands digit of 4121175?
2
What is the thousands digit of 132723?
2
What is the ten millions digit of 16858767?
1
What is the hundred thousands digit of 361433?
3
What is the hundreds digit of 271336?
3
What is the ten thousands digit of 41392?
4
What is the hundreds digit of 27194?
1
What is the millions digit of 5027134?
5
What is the hundred thousands digit of 1208571?
2
What is the ten thousands digit of 2427477?
2
What is the hundred thousands digit of 7277460?
2
What is the tens digit of 26309338?
3
What is the thousands digit of 516697?
6
What is the millions digit of 22735684?
2
What is the hundreds digit of 82486?
4
What is the thousands digit of 2732877?
2
What is the tens digit of 2488075?
7
What is the millions digit of 19544918?
9
What is the ten thousands digit of 3791913?
9
What is the hundreds digit of 7736198?
1
What is the ten thousands digit of 86596?
8
What is the units digit of 270669?
9
What is the thousands digit of 79727?
9
What is the hundreds digit of 2881378?
3
What is the hundred thousands digit of 1030143?
0
What is the units digit of 480134?
4
What is the thousands digit of 1836671?
6
What is the thousands digit of 8721964?
1
What is the hundreds digit of 11150748?
7
What is the ten thousands digit of 5137428?
3
What is the hundreds digit of 561962?
9
What is the hundred thousands digit of 208128?
2
What is the ten thousands digit of 2045791?
4
What is the hundred thousands digit of 381595?
3
What is the thousands digit of 1232477?
2
What is the tens digit of 723022?
2
What is the millions digit of 2421399?
2
What is the hundred thousands digit of 1001865?
0
What is the hundreds digit of 1334872?
8
What is the units digit of 3231262?
2
What is the thousands digit of 343082?
3
What is the tens digit of 5051054?
5
What is the ten thousands digit of 600224?
0
What is the units digit of 886050?
0
What is the units digit of 453731?
1
What is the millions digit of 3413111?
3
What is the ten thousands digit of 5231241?
3
What is the millions digit of 1466007?
1
What is the tens digit of 6100632?
3
What is the thousands digit of 11617851?
7
What is the hundred thousands digit of 194983?
1
What is the units digit of 9180200?
0
What is the thousands digit of 1195446?
5
What is the thousands digit of 10031015?
1
What is the hundreds digit of 1308343?
3
What is the tens digit of 234498?
9
What is the ten thousands digit of 37910?
3
What is the hundred thousands digit of 418558?
4
What is the ten thousands digit of 120235?
2
What is the thousands digit of 114418?
4
What is the ten thousands digit of 610690?
1
What is the tens digit of 117517?
1
What is the thousands digit of 138318?
8
What is the ten thousands digit of 2486249?
8
What is the tens digit of 127821?
2
What is the hundred thousands digit of 8619818?
6
What is the hundreds digit of 567864?
8
What is the millions digit of 34256851?
4
What is the ten thousands digit of 482822?
8
What is the thousands digit of 300117?
0
What is the hundreds digit of 2633340?
3
What is the tens digit of 16595823?
2
What is the thousands digit of 16629291?
9
What is the hundreds digit of 325507?
5
What is the thousands digit of 3103253?
3
What is the ten thousands digit of 656375?
5
What is the millions digit of 2897372?
2
What is the units digit of 9260673?
3
What is the units digit of 224228?
8
What is the ten thousands digit of 5332591?
3
What is the ten thousands digit of 652078?
5
What is the units digit of 6056244?
4
What is the hundred thousands digit of 656870?
6
What is the ten millions digit of 20014558?
2
What is the hundreds digit of 7308084?
0
What is the hundreds digit of 4018997?
9
What is the thousands digit of 106956?
6
What is the thousands digit of 16574508?
4
What is the thousands digit of 1196710?
6
What is the units digit of 96189?
9
What is the units digit of 468842?
2
What is the thousands digit of 141280?
1
What is the thousands digit of 181498?
1
What is the thousands digit of 191991?
1
What is the hundred thousands digit of 3521443?
5
What is the units digit of 186143?
3
What is the hundred thousands digit of 1079005?
0
What is the millions digit of 1074765?
1
What is the ten thousands digit of 10750345?
5
What is the ten thousands digit of 125436?
2
What is the hundreds digit of 31791591?
5
What is the millions digit of 1097044?
1
What is the hundred thousands digit of 372423?
3
What is the tens digit of 3214889?
8
What is the millions digit of 2293979?
2
What is the units digit of 5320558?
8
What is the units digit of 163580?
0
What is the units digit of 40003?
3
What is the ten thousands digit of 4289538?
8
What is the ten thousands digit of 12268561?
6
What is the thousands digit of 55766?
5
What is the units digit of 25732?
2
What is the units digit of 6616863?
3
What is the millions digit of 1925752?
1
What is the millions digit of 4437354?
4
What is the 